 46?
False
Is 23 a factor of 6715?
False
Is 51 a factor of 567?
False
Is 705 even?
False
Is 34370 a multiple of 70?
True
Does 13 divide 13808?
False
Does 7 divide 3722?
False
Is 5827 a multiple of 160?
False
Is 50 a factor of 1800?
True
Does 9 divide 932?
False
Is 2151 a multiple of 48?
False
Does 2 divide 302?
True
Is 26036 a multiple of 46?
True
Is 49 a factor of 56551?
False
Is 7474 a multiple of 101?
True
Does 9 divide 470?
False
Does 71 divide 184?
False
Does 31 divide 464?
False
Is 132 a factor of 54120?
True
Does 4 divide 183?
False
Is 2383 a multiple of 37?
False
Does 19 divide 426?
False
Is 3 a factor of 15255?
True
Is 27479 a multiple of 41?
False
Is 27 a factor of 3325?
False
Is 11675 a multiple of 5?
True
Does 31 divide 7925?
False
Does 74 divide 22570?
True
Does 36 divide 4084?
False
Is 9413 a multiple of 114?
False
Is 8 a factor of 2337?
False
Does 178 divide 86750?
False
Does 12 divide 52572?
True
Is 18 a factor of 174?
False
Does 10 divide 2400?
True
Is 2 a factor of 33?
False
Does 39 divide 35607?
True
Does 54 divide 1788?
False
Does 33 divide 47190?
True
Does 85 divide 39950?
True
Does 15 divide 195?
True
Is 12 a factor of 770?
False
Does 25 divide 567?
False
Is 2473 a multiple of 32?
False
Is 10370 a multiple of 85?
True
Is 1004 a multiple of 6?
False
Is 52 a factor of 16796?
True
Does 18 divide 5494?
False
Is 26793 a multiple of 229?
True
Is 756 a multiple of 36?
True
Is 5 a factor of 30681?
False
Does 166 divide 79770?
False
Does 4 divide 888?
True
Does 74 divide 11470?
True
Is 32 a factor of 15680?
True
Is 2668 a multiple of 9?
False
Is 16875 a multiple of 135?
True
Is 607 even?
False
Does 3 divide 2488?
False
Is 15 a factor of 94530?
True
Is 16185 a multiple of 15?
True
Is 16 a factor of 2720?
True
Is 8505 a multiple of 135?
True
Does 42 divide 3967?
False
Is 9 a factor of 6658?
False
Is 6495 a multiple of 34?
False
Is 12 a factor of 11568?
True
Does 56 divide 194?
False
Is 433 a multiple of 45?
False
Does 15 divide 1496?
False
Is 18 a factor of 161?
False
Is 17 a factor of 1690?
False
Does 52 divide 676?
True
Is 5153 a multiple of 12?
False
Is 674 a multiple of 42?
False
Is 812 a multiple of 14?
True
Is 10 a factor of 1066?
False
Does 21 divide 56132?
False
Is 54 a factor of 2203?
False
Does 21 divide 3808?
False
Is 13 a factor of 1469?
True
Is 10358 a multiple of 23?
False
Does 50 divide 3950?
True
Is 72 a factor of 34776?
True
Is 83 a factor of 6231?
False
Does 4 divide 14598?
False
Is 2640 a multiple of 48?
True
Is 6 a factor of 22284?
True
Is 20 a factor of 98222?
False
Is 16 a factor of 2999?
False
Is 1334 a multiple of 23?
True
Is 10 a factor of 21467?
False
Is 101135 a multiple of 17?
False
Is 431 even?
False
Does 14 divide 21168?
True
Is 81 even?
False
Is 12062 a multiple of 3?
False
Is 6690 a multiple of 15?
True
Does 42 divide 48972?
True
Is 957 a multiple of 33?
True
Is 24 a factor of 1924?
False
Is 2 a factor of 463?
False
Does 6 divide 108?
True
Is 17 a factor of 14761?
False
Is 1515 a multiple of 29?
False
Is 8491 a multiple of 116?
False
Is 107 a factor of 7735?
False
Is 14 a factor of 560?
True
Does 4 divide 800?
True
Does 4 divide 152?
True
Does 93 divide 4371?
True
Does 8 divide 1928?
True
Is 78 a factor of 2482?
False
Is 63 a factor of 5569?
False
Does 10 divide 381?
False
Does 3 divide 31802?
False
Does 8 divide 939?
False
Is 1772 a multiple of 16?
False
Is 16 a factor of 1983?
False
Is 64 a factor of 3520?
True
Does 9 divide 66?
False
Does 7 divide 671?
False
Is 15 a factor of 7932?
False
Does 32 divide 14336?
True
Is 20761 a multiple of 11?
False
Does 53 divide 5512?
True
Is 47 a factor of 1386?
False
Does 37 divide 16665?
False
Is 182 a factor of 21867?
False
Does 125 divide 3831?
False
Is 127 a factor of 52070?
True
Is 3125 a multiple of 25?
True
Is 8591 a multiple of 11?
True
Is 30 a factor of 11370?
True
Is 7 a multiple of 7?
True
Is 267 a factor of 13083?
True
Is 1856 a multiple of 16?
True
Does 47 divide 23635?
False
Is 57 a factor of 17537?
False
Does 453 divide 56501?
False
Is 7340 a multiple of 97?
False
Is 1978 a multiple of 16?
False
Is 7 a factor of 338?
False
Is 8 a factor of 232?
True
Is 17 a factor of 17?
True
Is 80 a factor of 25120?
True
Does 11 divide 308?
True
Is 660 a multiple of 66?
True
Is 6760 a multiple of 39?
False
Does 17 divide 5669?
False
Is 21845 a multiple of 17?
True
Does 32 divide 1312?
True
Is 14 a factor of 8764?
True
Does 93 divide 50241?
False
Is 19492 a multiple of 11?
True
Is 56190 a multiple of 30?
True
Is 3400 a multiple of 55?
False
Is 36 a factor of 46439?
False
Is 29 a factor of 550?
False
Does 41 divide 410?
True
Is 2970 a multiple of 54?
True
Is 376 a multiple of 4?
True
Is 5538 a multiple of 154?
False
Is 43 a factor of 2872?
False
Does 19 divide 4123?
True
Is 1372 a multiple of 6?
False
Is 2 a factor of 384?
True
Is 136 a factor of 41945?
False
Does 4 divide 87?
False
Does 68 divide 18836?
True
Is 42016 a multiple of 42?
False
Is 1562 a multiple of 7?
False
Is 2142 a multiple of 18?
True
Is 38 a factor of 5396?
True
Is 132 a multiple of 3?
True
Does 11 divide 657?
False
Is 116 a factor of 13804?
True
Does 16 divide 2144?
True
Does 8 divide 968?
True
Does 15 divide 1470?
True
Is 9821 a multiple of 10?
False
Is 960 a multiple of 64?
True
Is 194 a factor of 388?
True
Does 10 divide 20?
True
Does 21 divide 10138?
False
Does 39 divide 7811?
False
Does 30 divide 3262?
False
Is 27770 a multiple of 16?
False
Is 13 a factor of 442?
True
Is 76 a factor of 1113?
False
Is 17 a factor of 10128?
False
Is 1134 a multiple of 63?
True
Does 5 divide 4074?
False
Is 27 a factor of 740?
False
Does 23 divide 1065?
False
Does 22 divide 9174?
True
Is 360 a multiple of 15?
True
Is 8358 a multiple of 14?
True
Is 22 a factor of 286?
True
Is 1854 a multiple of 18?
True
Is 7344 a multiple of 54?
True
Is 16874 a multiple of 33?
False
Does 18 divide 41004?
True
Does 35 divide 10148?
False
Is 50 a factor of 41540?
False
Is 78 a multiple of 13?
True
Is 11 a factor of 1639?
True
Is 5 a factor of 287?
False
Is 6115 a multiple of 20?
False
Is 297 a factor of 76329?
True
Does 2 divide 425?
False
Is 71 a factor of 1185?
False
Is 17 a factor of 187?
True
Does 7 divide 6081?
False
Is 27032 a multiple of 109?
True
Is 3 a factor of 45?
True
Is 1514 a multiple of 13?
False
Is 21 a factor of 971?
False
Is 3328 a multiple of 16?
True
Is 4958 a multiple of 4?
False
Is 2584 a multiple of 17?
True
Does 10 divide 2010?
True
Does 46 divide 18032?
True
Does 114 divide 1816?
False
Does 30 divide 18227?
False
Is 468 a multiple of 39?
True
Is 51 a factor of 2361?
False
Does 204 divide 27948?
True
Is 12371 a multiple of 48?
False
Does 38 divide 3055?
False
Is 4 a factor of 135?
False
Is 136 a factor of 8568?
True
Does 30 divide 1346?
False
Is 80 a factor of 1057?
False
Does 2 divide 9535?
False
Does 119 divide 27846?
True
Is 6308 a multiple of 43?
False
Is 1323 a multiple of 7?
True
Does 41 divide 861?
True
Does 72 divide 10440?
True
Does 17 divide 13634?
True
Does 10 divide 54947?
False
Is 51 a factor of 22287?
True
Is 800 a multiple of 32?
True
Is 9146 a multiple of 7?
False
Does 224 divide 108662?
False
Is 24 a factor of 65904?
True
Is 196 a factor of 15288?
True
Is 44 a factor of 88?
True
Does 15 divide 22560?
True
Is 81490 a multiple of 364?
False
Is 72 even?
True
Is 8 a factor of 3016?
True
Is 8 a factor of 728?
True
Is 70 a factor of 980?
True
Is 28 a factor of 1038?
False
Is 3978 a multiple of 117?
True
Is 16840 a multiple of 8?
True
Is 23 a factor of 374?
False
Does 13 divide 611?
True
Does 7 divide 1105?
False
Does 5 divide 350?
True
Is 23 a factor of 1538?
False
Is 16651 a multiple of 49?
False
Does 29 divide 1711?
True
Is 95 a factor of 4940?
True
Is 6663 a multiple of 10?
False
Does 8 divide 26784?
True
Is 22840 a multiple of 85?
False
Is 22 a factor of 174?
False
Is 280 a multiple of 35?
True
Is 9 a factor of 6900?
False
Is 16200 a multiple of 100?
True
Does 99 divide 8811?
True
Is 65 a factor of 968?
False
Is 315 a multiple of 36?
False
Is 103171 a multiple of 11?
False
Does 6 divide 1416?
True
Is 530 a multiple of 14?
False
Is 121 a factor of 31581?
True
Does 59 divide 7198?
True
Does 83 divide 2905?
True
Is 10 a factor of 1287?
False
Is 9 a factor of 1483?
False
Does 36 divide 8136?
T